h - 4. Determine q(d).
1
Suppose 2*s = d, 22 = -4*d + s - 4*s. Let y(u) = u**3 + 4*u**2 - u - 2. Let p be y(-4). Let x(j) = -1 - j + 2*j + 4*j + j**p. Calculate x(d).
-5
Let n(u) = -u**3 + 2*u**2 - u - 2. Let v = 188 - 185. What is n(v)?
-14
Suppose 2*b - 6 = -b. Let k(g) = -b*g + g + 0*g**2 + 3 - g - g**2. Determine k(2).
-5
Let h(u) = u**2 - 2*u - 5. Suppose 4*n + 1 - 29 = 0. Let y(r) = -r**2 + 10*r. Let v be y(n). Let m be 78/v + (-4)/(-14). Give h(m).
3
Let s(m) = -2 + m**3 - 7*m - m**2 + 12*m - 8*m. What is s(3)?
7
Let h(d) be the first derivative of -1/4*d**4 - d**2 + 7 + 5/3*d**3 - 4*d. Determine h(3).
8
Let o(i) = -i**3 + 6*i**2 - 6*i + 2. Let u be o(5). Suppose 8*d = 4*d + 4. Let h(y) = 0*y + 5*y - 2*y + y**2 + d. Calculate h(u).
1
Let b(s) = 0*s + 301 + 3*s - 300. Give b(-3).
-8
Let m(f) = 16*f**3 - f**2 + f - 1. Let u be m(1). Suppose 0 = 4*l - 7*l - u. Let s(t) = t + 2. What is s(l)?
-3
Let g = 6 - 4. Suppose -5*b = -g*i - 22, 4*i - b + 20 = i. Let j(d) = d**3 + 5*d**2 - 6*d + 1. Determine j(i).
1
Let p(s) = -s + 13. Let t(f) = -4*f + 45. Let y be t(8). Calculate p(y).
0
Let d(o) = o**2 - 6*o + 3. Let g(u) = 3*u - 2*u + 2*u**3 + 3*u - 3 - 4*u**2. Let b be g(2). Let s be d(b). Let a(p) = -p**3 - 4*p**2 - p + 1. Calculate a(s).
-5
Let w be 0/2 - 3*1. Let p be -4*1 + 3 - w. Let m(h) = 3*h**2 - 3*h + 1. Determine m(p).
7
Let x(p) = -107*p - p**2 + 56*p - 4 + 58*p - 3. Determine x(6).
-1
Let x(r) = 10*r + 5. Let n(d) = 12*d + 6. Let f(g) = 4*n(g) - 5*x(g). Determine f(1).
-3
Let l(y) = y**2 + 8*y + 6. Suppose 15 = -3*n - 2*c, -3*c = -3*n - 8*c - 6. What is l(n)?
-1
Let v(o) = 2 + 3 - 4 + o**3 + 3 - 6*o - 5*o**2. What is v(6)?
4
Let x(w) = -9*w + w**2 + 7 - 1 + 16*w. Determine x(-7).
6
Suppose 0*m = -f + 4*m + 6, -2*m - 2 = 0. Let c(o) = -o + 2. What is c(f)?
0
Let o(f) = 0 - 7*f + 3*f**2 + 13*f**3 - 12*f**3 - 1. Determine o(-5).
-16
Let h(u) be the first derivative of -1/4*u**4 - 2*u**3 - 8*u + 3 - 1/2*u**2. What is h(-6)?
-2
Let l = 9 - 15. Let d be (l/(-9))/(3/27). Let i(a) = -2*a + 9. Calculate i(d).
-3
Let d(x) be the third derivative of 0*x - 1/12*x**4 + 0 + 2*x**2 - 5/6*x**3. Calculate d(5).
-15
Suppose m = 5*m - 12. Let o = 14 - -5. Suppose 4*z + 4 = 3*j + j, 5*z = -m*j + o. Let d(g) = -g + 4. Give d(j).
1
Let j be (-72)/54 + (-2)/(-6). Let b(w) = -10*w - 1. Calculate b(j).
9
Let y be ((-8)/14)/((-4)/14). Let g(p) = p**3 - 7*p**2 + 5*p + 8. Let j be g(6). Let u(i) = 0*i**j + 0 - i**y - 2 + 2*i**2. What is u(0)?
-2
Let v(u) be the third derivative of 0*u + 1/24*u**4 - 3/2*u**3 + 0 - 5*u**2. Determine v(6).
-3
Let i = -61/2 + 31. Let p(f) be the second derivative of 0 - 1/3*f**3 - i*f**2 - 2*f. Give p(3).
-7
Let s(q) = q - 4. Let z(m) = 6*m - 20. Let i(b) = 22*s(b) - 4*z(b). What is i(-6)?
4
Let i(m) = m**2 - m - 1. Let y(c) = 3*c**2 + 2*c + 2. Let w(j) = 4*i(j) - y(j). What is w(6)?
-6
Let y(h) = h**3 + 6*h**2 + 7*h + 4. Let l = -9 + 12. Suppose 0 = -l*o + 4*o + 5. Give y(o).
-6
Let l(i) be the first derivative of i**4/4 + 5*i**3/3 + i**2 - 4*i - 10. Give l(-4).
4
Suppose -6*u = -4*u - 12. Let w(i) = -3*i + 8. Determine w(u).
-10
Let o(p) = 0*p**3 + 4*p + p**3 - 1 + 4*p**2 + 2 + 1. Give o(-2).
2
Let y(a) = -a**2 - a - 4. Suppose -2*t - 2*f = -6, 4*t - 14 = t + 2*f. Let j = -4 + t. Give y(j).
-4
Let v(d) = d**2 - 2*d - 3. Suppose 2*y - t - 10 + 3 = 0, -t - 13 = -5*y. Let n = 2 - y. Let g = n - -3. What is v(g)?
0
Let u = 5 - 2. Let a(v) = -v**3 + 4*v**2 - 3*v + 4. Calculate a(u).
4
Let p(l) = l**3 - 2*l**2 - 2*l + 2. Suppose 0 = -g + v - 3, -5*g - 2*v = -g - 18. What is p(g)?
-2
Let z(c) = 5*c - 1. Let x(m) = 6*m. Let o be x(-1). Let t(b) = -85*b + 42*b - 4 + 42*b. Let g be t(o). What is z(g)?
9
Let f(v) = v + 6. Let b be f(-6). Suppose -6*j - 9 = 9. Let c(q) = -3*q - 21. Let u(s) = s + 7. Let m(i) = j*c(i) - 8*u(i). Calculate m(b).
7
Let u(p) be the second derivative of -p**5/20 + p**4/12 + 2*p**2 - p. Let z be (-4)/10 + ((-8)/(-20))/1. What is u(z)?
4
Let i(l) = 2*l + 8*l - 9*l - 3 + l. Let z be (1/(-3))/((-2)/18). Calculate i(z).
3
Suppose 5*x - 27 = -2. Let r be 6/15 + 13/x. Suppose r*c + 33 = -5*m, -5*m - 2*c - 28 = 4. Let n(q) = -q**3 - 6*q**2 + 2*q + 7. Determine n(m).
-5
Let r = 1 + -2. Let j(p) = 12*p**2 - 1. Determine j(r).
11
Let h(c) = c - 1. Let i = -1 + 1. Suppose -s + 2*s - 5 = i. Give h(s).
4
Let k(d) = 4*d**2 - 4*d - 5. Let i(h) = -3*h**2 + 5*h + 6. Let l(f) = 4*i(f) + 5*k(f). Suppose 2*w - 4 + 2 = 0. Determine l(w).
7
Suppose 2*x + x + 5*p = 12, p = -4*x - 1. Let k(r) = r**2 + 2*r + 7. Let t(d) = -d - 3. Let h(z) = 3*k(z) + 7*t(z). Calculate h(x).
4
Let g(y) = -2*y**3 + 4*y**2 - 2*y. Let w(p) = p**3 - 10*p**2 + 10*p - 11. Let s be w(9). Let q be 9/6 + s/(-4). Determine g(q).
-4
Let x(s) = -s**2 + 3*s + 4. Let u(w) = -w + 7. Let f(z) = z**3 + 5*z**2 + 3*z + 2. Let q be f(-4). Let a be u(q). Let j = 6 - a. Give x(j).
-6
Let l(n) = -6*n**2 + 5*n**2 + 9 - 1 + 2 - 6*n. Determine l(-7).
3
Let x = -11/4 + 3. Let b(y) be the first derivative of 2*y**2 + 1 - 4/3*y**3 - x*y**4 - 2*y. Give b(-5).
3
Suppose 0 = -2*c + 38 - 46. Let l(k) = -k**3 - 3*k**2 + 5*k - 2. Calculate l(c).
-6
Let y be 2/(-6) + (-3)/(-9). Let o(f) = 0*f**2 + 6*f + 3 + f**2 + y*f**2. Suppose 2*l + n = 5*l + 8, -4*l + 2*n = 8. Calculate o(l).
-5
Let x(h) = h. Suppose -3*v = -2 - 13. Let a = -7 + v. What is x(a)?
-2
Let v(c) = -2*c**2 - 5 - c**2 + 6*c**2 - 2*c**2 + 4*c. What is v(-5)?
0
Let t(z) = 6*z - 7. Let l(h) = 17*h - 21. Let b(s) = -4*l(s) + 11*t(s). Give b(5).
-3
Suppose 2*m + 82 = -5*g, 2 = -2*m - 0. Let d be g/(-9) + 6/27. Let r(a) = d - 3*a - 4 + 3. Determine r(-1).
4
Let w = 145 - 138. Let s(u) = -2*u + 8. Calculate s(w).
-6
Let h(s) = s**3 + 3*s**2 - 4*s + 2. Let t = 39 - 23. Suppose -2*o + 14 = 4. Suppose -t = -i + o*i. Calculate h(i).
2
Let j(a) = a**3 + 3*a**2 + a - 1. Let v(h) = h**2 - 7*h + 3. Let w be v(6). Determine j(w).
-4
Suppose k + 2*d = -13, 6*d = 4*k + 4*d + 12. Let t(q) be the third derivative of -1/60*q**5 + 0 + q**2 - 1/6*q**3 - 5/24*q**4 + 0*q. What is t(k)?
-1
Let p = 1 - -2. Suppose 7*n - 3*n + 8 = 4*m, -p*n = 12. Let k(j) = -5*j + 3 + 1 - 7. What is k(m)?
7
Let i(f) be the first derivative of f**2 + 5. Let z be -5 + 0/3*1. Give i(z).
-10
Suppose 3 - 2 = -h. Let t(y) be the second derivative of -y**4/3 - y**3/3 - y**2/2 - 126*y. Give t(h).
-3
Let g(z) = 53*z + 1 - 23*z**2 - 53*z. What is g(-1)?
-22
Let j(h) = -2*h + 4. Let z be 8 + (-1 - -2)*2/(-2). Calculate j(z).
-10
Let c(a) = a**3 + 8*a**2 + 8*a - 3. Let x(z) = z - 12. Let l be x(5). Determine c(l).
-10
Let b(z) = -z - 13. Let q be b(-18). Let a(o) = o**2 - 4*o - 3. Let l be a(q). Let h(t) = t**2 - t - 1. Give h(l).
1
Let y(l) = l**3 - 2*l**3 + l**2 + 5 + 5*l**2 - 2*l. Give y(6).
-7
Let m(y) = 3*y + 7. Suppose 0 + 55 = -11*q. What is m(q)?
-8
Let w(q) be the third derivative of -q**4/12 - 5*q**3/6 + 18*q**2. Give w(4).
-13
Let w(f) be the second derivative of f**3/3 - 3*f. Let y(n) = -n**3 + 3*n**2 + 2*n - 4. Let p be y(3). Calculate w(p).
4
Let n(q) = 3*q**2 + 4*q + 3. Let t = 121 - 123. Calculate n(t).
7
Let x(a) = a - 7. Let c = -3 + 0. Let i be 15/(-12) + 2/8. Let o be i/(-1 - c)*0. Determine x(o).
-7
Let o(a) = -3*a + 6. Let d(p) = -p. Let b(h) = -4*d(h) + o(h). Let k = -8 - -8. What is b(k)?
6
Suppose 4*n - 1 = -37. Let p = n - -8. Let d(v) = -3*v**3 + 2*v**2 + v. Give d(p).
4
Let l(x) be the third derivative of -x**4/24 + 5*x**3/6 + 6*x**2. Give l(-4).
9
Let q = 79 - 76. Let u(w) be the second derivative of -q*w + 1/12*w**4 + 0 + w**2 + 1/20*w**5 + 0*w**3. Calculate u(-2).
-2
Let h(t) be the third derivative of -5*t**4/24 + t**3/3 - 25*t**2. Give h(3).
-13
Let j(s) be the first derivative of s**6/360 - s**5/30 - s**4/24 + s**3/3 - 3. Let u(o) be the third derivative of j(o). Give u(4).
-1
Suppose 13*j = 18*j - 5. Let k(w) be the first derivative of -w**3/3 + w**2 - 1. Calculate k(j).
1
Let w(b) = -10*b**2. Suppose -3*q - 14 = c + 2, -4*c + 21 = -5*q. Calculate w(c).
-10
Let p(c) = c - 1. Suppose 3*g - 5 = n + 4, -2*n - 6 = 0. Let t be p(g). Let f(u) = u**2 + u**2 - 5*u**2 + 5*u**2 + u. Calculate f(t).
3
Let s(n) be the first derivative of -n**2 + n + 7. Calculate s(5).
-9
Let g be (1/2)/(4/8). Let p(u) = 1 - u**2 + 3 - 3 - u - 5*u**3. Give p(g).
-6
Let u be 1